ve of d(z). Let m = 5 + -4. Calculate h(m).
5
Let q(d) = d - 6. Let p(h) be the third derivative of -h**5/30 - h**4/24 - 45*h**2. Let r be p(0). What is q(r)?
-6
Let h(g) = 2*g - 2. Let m(d) = d**2 + 10*d + 4. Let r be 2/(-8) - (-52)/16. Suppose w = l + 5*w + 22, -r*w = 5*l + 59. Let i be m(l). Give h(i).
6
Suppose 62 = 3*g + 2*d, 9*d - 6*d - 3 = 0. Let p(r) = -r**2 + 21*r - 15. Give p(g).
5
Let s(c) = 12*c + 62. Let k be s(0). Let p = k + -56. Let z(g) = -3 + g**2 + 3*g - 9*g - 4. Determine z(p).
-7
Let d(z) = -z**3 + 3*z + 1. Let w = -366 + 364. Determine d(w).
3
Let g(s) = -s**3 - 8*s**2 - s - 4. Suppose 0 = -4*b + 93 - 125. Determine g(b).
4
Let x(o) = o - 1. Let f(y) = -6*y + 182. Let j be f(29). Determine x(j).
7
Suppose 4*f - 2*f - 10 = -5*n, f - 4*n = -8. Let c be f/(1*(2 + -3)). Let v(p) = -2*p**2 + p + p**3 - 4 + c*p + 6 - 2*p**2. Give v(4).
6
Let m(f) = f**3 + 8*f**2 + 7*f - 1. Let t be ((-117)/(-27) + -5)/(4/42). Give m(t).
-1
Suppose -5*z + 9 + 11 = 0. Suppose 3*s - 2*b - 21 - 8 = 0, -b + 24 = z*s. Let x(g) = -g + g**2 + g - s + 4*g. Give x(-5).
-2
Suppose 0 = 5*b + y + 39 - 112, b = -3*y + 9. Suppose f = 6*f - b. Let i(d) = 1 + 2*d**2 + 3*d - 4*d**2 - d**f - 2*d**2 - 4*d. Calculate i(-4).
5
Let l(m) = 2*m**2 - m. Let a(o) = o**2 - o + 9. Let y(w) = a(w) - l(w). Give y(-5).
-16
Let i(o) = 3*o**2 - 13*o**2 - o + 4 - 9 + 3. Let w(v) = -11*v**2 - 2*v - 3. Let z(p) = -3*i(p) + 2*w(p). Give z(1).
7
Let q(p) = p**3 - 6*p**2 + 4*p + 6. Let o be q(5). Let u be -4*o/4*-2. Let c(k) = -4*k + 4*k - 4*k + 6*k. Determine c(u).
4
Let n(w) = -5*w**3 - 3*w**2 - 8*w + 1. Let f(d) = 8*d**3 + 5*d**2 + 16*d - 1. Let y(r) = 3*f(r) + 5*n(r). Calculate y(-3).
5
Let c(g) = g + 13. Let v be (23 + -19)/(2/(-4)). Give c(v).
5
Let b(s) be the first derivative of -s**4/4 + 5*s**3 - 8*s**2 + 21*s - 12. Let a be b(14). Let v(y) = -y**2 - 9*y - 10. Give v(a).
4
Suppose -3*k + 6 = -k. Let j be 5 + (4/5)/((-3)/(-15)). Let m(r) = -r**k - 16*r + 6*r + j*r + 4*r**3. Determine m(-1).
-2
Let i(p) = -5*p**2 + 8*p + 4. Let y(q) = -6*q**2 + 9*q + 3. Let x(f) = 5*i(f) - 4*y(f). Let z = -53 + 51. Let u be (-1 + (-3 - -3))/z*12. Calculate x(u).
-4
Let y(n) = 7*n**3 + n**2 - n + 1. Let u(k) = -8*k**2 + 25*k + 25. Let h(g) = 3*g**2 - 8*g - 8. Let j(a) = 11*h(a) + 4*u(a). Let b be j(-11). Calculate y(b).
8
Let l = -7 + 0. Let p(d) = 3*d**2 + 437*d + 25. Let r(a) = 2*a**2 + 311*a + 17. Let t(x) = 5*p(x) - 7*r(x). What is t(l)?
-1
Let n(v) = -17*v + 1. Let q be (2/(-4))/((-7)/14). Calculate n(q).
-16
Let j(r) = -2 + 4*r + 5 + 4 - 5*r. What is j(6)?
1
Let o(n) = -n**3 - 17*n**2 + 3*n + 47. Let l be o(-17). Let c(x) = -x**3 - 5*x**2 - x - 5. Give c(l).
-17
Suppose -14*u + 19*u = 0. Let q(d) = d**2 - 3*d - 6. What is q(u)?
-6
Suppose 0 = -2*d + 2*v - 14, -34*d - 17 = -35*d - 5*v. Let p(t) = 2*t**3 + 4*t**2 + 3*t + 3. What is p(d)?
-24
Let a(t) = 20*t + 1. Let b(s) = -87*s - 4. Let y(j) = -4*a(j) - b(j). Let o be (1 - -1)*(-2)/4. Give y(o).
-7
Let m(b) = 2*b**2 - 5*b**2 - 4*b**2 + 4 + 1 + b**3. Let g be m(7). Let q(o) = -4 + 4*o + 2*o**2 + 2*o**2 + 0*o - g*o**2. Give q(4).
-4
Suppose -u - 4*u + 2 = 2*a, -5*u - a + 1 = 0. Let t(y) = -3 + 63*y**3 - 62*y**3 + 5 + y. What is t(u)?
2
Let f(g) = -3*g. Let n(k) = -26*k + 4. Let p(d) = 5*f(d) - n(d). Give p(-5).
-59
Suppose -3*a + 0 = -4*p - 5, 8 = -p + 3*a. Let o = -3 - -11. Let k(l) = -5*l + o*l + 6*l. Calculate k(p).
9
Let k(m) = -m - 2. Let j be 14/6 - 6/(-9). Suppose d - 28 = 4*w, 0 = -5*w + 2 - 17. Suppose 0 = 4*p - d, 2*p - 3 + 7 = -j*y. Calculate k(y).
2
Let x(i) be the second derivative of i**3/2 - i**2/2 - 1261*i. Let l = 7 - 0. Give x(l).
20
Let u(o) be the first derivative of o**4/4 + 14*o**3/3 + 25*o**2/2 + 8*o + 25. What is u(-12)?
-4
Let d(u) = 5*u**2 + 2*u + 11. Let q(y) = 11*y**2 + 3*y + 24. Let j(g) = -13*d(g) + 6*q(g). Determine j(6).
-11
Let x(c) = -2. Let t(l) = -l + 1. Let o(k) = t(k) + x(k). Let p(q) = -2*q - 36. Let f be p(-20). Suppose -f*b + 31 - 27 = 0. What is o(b)?
-2
Let o(j) = -3*j + 6. Let y(t) = 13*t - 29. Let a(l) = -1. Let d(h) = -4*a(h) + y(h). Let g(u) = 2*d(u) + 9*o(u). Let q be -6 + (3 + -4 - -1). What is g(q)?
10
Let h = 23 + -21. Suppose 5*j + 28 = -h*j. Let b(z) = -3*z - 1. Give b(j).
11
Let n(j) be the third derivative of -1/60*j**5 - 13*j**2 + 0*j + 1/3*j**3 - 5/24*j**4 + 0. Let i = -18 + 12. Give n(i).
-4
Let x(h) = -3*h + 4*h + 35 - 17 + 6*h - 17. Calculate x(1).
8
Let i(d) be the third derivative of 1/24*d**4 + 0 + 0*d + 1/6*d**3 - 9*d**2. Give i(5).
6
Let w(x) = -2*x + 2. Let o(c) = 16*c - 15 + 2*c**2 - c**2 + 20. Let m be o(-16). Suppose 0 = -m*p + 4 + 11. Give w(p).
-4
Suppose 4 = -q + 2*l + 3*l, -4*l = 0. Suppose i = r + 20, 2*r = r + 4. Let s be ((-16)/i)/(q/18). Let f(u) = 2*u. Give f(s).
6
Let p = 1007 - 1019. Let r(c) = c**3 + 10*c**2 - 23*c + 12. Calculate r(p).
0
Let z(w) = 8*w**2 + 3*w + 4*w**3 + 11 - 3*w**3 + 5*w. Give z(-7).
4
Suppose -2*j - 5 = 7. Let l(k) = -k**2 - 3*k - 6. Calculate l(j).
-24
Let x(j) = -272*j**3 + 273*j**3 - 3*j**2 - 5*j**2 - 9 + 3*j. Give x(7).
-37
Let h(g) = g**3 + 3*g**2 + 2*g + 4. Let y(x) = 2*x**2 - 9*x - 8. Suppose 3*m + 5*d = 35, -5*m + 8*d - 3*d + 5 = 0. Let j be y(m). Calculate h(j).
-2
Let q = 34 - 31. Let n(z) = -3 + z**q - 5*z + 0*z**3 - 3*z + 3*z**2 + 2*z**2. Determine n(-6).
9
Let n(w) = -29 - 24 - 16 + 40 - 23 + 5*w. What is n(11)?
3
Let s = -620 - -618. Let a(w) = 4*w**2 - 2*w. Determine a(s).
20
Let i(q) be the first derivative of -q**2 + 38*q - 297. What is i(17)?
4
Let x = -186 - -184. Let o(r) = -4*r**3 - 4*r**2 - 4*r - 2. Calculate o(x).
22
Suppose 5*c + 12 = 5*j - 13, 2*j - c - 5 = 0. Suppose a + 4*i - 3 = 8, 0 = -5*a - i + 17. Let p(h) = -3 - a - 5 + h - 2*h. Determine p(j).
-11
Let u(m) = -m**3 + m**2 + 5*m. Let y be u(3). Let c(z) = z**2 + 5*z + 2. What is c(y)?
-4
Suppose -3*l = 3*i, -31 = -4*l + i - 11. Suppose a = -2*p + 2, 4*p = l*a - 2*a + 20. Let o(s) = -s**3 - 5*s**2 - 2*s - 2. Calculate o(a).
-10
Let w(v) be the second derivative of -v**5/20 - 5*v**4/12 + v**3/2 - 3*v**2 - 2*v + 2. Calculate w(-6).
12
Let j(v) = -6*v - v**2 - 14 + 8*v + 9*v. Let z be j(9). Let f(k) = k - 7. Give f(z).
-3
Suppose 0 = y + 2 - 6. Let m be 6/y - 6/(-12). Let n(f) = 0*f + m + 0 - f - 6. Give n(0).
-4
Let g(z) = z**3 + 8*z**2 + 5*z + 7. Let n(r) be the first derivative of -5*r**2/2 - 7*r - 9. Let x be n(0). What is g(x)?
21
Let h(l) = 2*l - 9. Let x be h(8). Let j be ((-3)/x)/((-4)/28). Let q(t) be the third derivative of t**5/60 + t**4/24 - t**3/6 - 2*t**2. Calculate q(j).
11
Let g(c) be the third derivative of 0*c - 1/24*c**4 + 0 - 15*c**2 - 4/3*c**3. What is g(-6)?
-2
Suppose -148 = -49*c - 50. Let o(g) be the first derivative of -10 + 5*g + 1/3*g**3 + 5/2*g**c. Give o(-4).
1
Let a(s) = s**3 + s**2 - s + 1. Let i(z) = -5*z**3 - 8*z**2 + 5*z. Let m(w) = 4*a(w) + i(w). Let k(t) = -4*t**2. Let j be k(-1). Determine m(j).
0
Let f be 7/(-14) + 14/4. Let c be -7*(0 + (-3)/f). Let k(o) = 15 - 14 + c - o + o**2. Give k(0).
8
Suppose -3 = 8*d - 19. Let y(f) = 2 - f - 3*f**d + f**2 + 3*f**2 + 0. Determine y(3).
8
Let g(z) be the second derivative of -z**5/20 - 7*z**4/12 - 3*z**3/2 - z**2 + 616*z. Determine g(-6).
16
Let z(i) = 5*i**2 + i - 1. Let g be z(1). Suppose -2 = -g*c + 3. Let n(t) = 6*t**3 + t**2 - 2*t + 1. Determine n(c).
6
Suppose 80 = 36*g - 100. Let q(i) = 2*i**2 - 8*i - 6. Determine q(g).
4
Let b(i) = -2*i**3 - i**2 - 2*i - 2. Let u(x) = x**2 - 1. Let f(j) = b(j) - 2*u(j). Let o be (1/3)/((-20)/360) - -4. Calculate f(o).
8
Let l = -16 + 24. Suppose -z - h = -7, -2*z + 8 + l = 4*h. Let w(n) = n + 0*n - 3*n + 8 - 2. What is w(z)?
-6
Suppose 21 = 3*a - 2*a + 5*v, 0 = 4*a + 2*v - 12. Let h = a - -1. Let t(b) be the first derivative of b**4/4 - b**3/3 - b**2/2 - b + 107. Determine t(h).
1
Suppose 2*u - 2 - 2 = 0. Let x be u - (-4 + (4 - 3)). Let s(k) = k**3 - 6*k**2 + 8*k - 7. What is s(x)?
8
Let h(s) = -2*s + 1. Suppose -5*c - 42 = 4*q, 3 - 29 = 4*q - 3*c. Determine h(q).
17
Let z(j) = -2*j**2 - 16*j - 6. Let x be z(-8). Let v(w) = -w**2 - 5*w - 1. What is v(x)?
-7
Let t(h) = 2*h - 10. Let q(i) = 3*i + 29 - 2*i - 34. Let k(s) = 9*q(s) - 4*t(s). Let o be k(9). Let w(l) = l**3 - 3*l**2 - 5*l - 2. What is w(o)?
-6
Let n(o) = o - 14. Suppose -5*c + 7